{"id":415,"date":"2021-05-04T12:09:44","date_gmt":"2021-05-04T10:09:44","guid":{"rendered":"https:\/\/thoeles-vilsen.de\/bewegung\/"},"modified":"2022-02-04T13:23:07","modified_gmt":"2022-02-04T12:23:07","slug":"bewegung","status":"publish","type":"page","link":"https:\/\/thoeles-vilsen.de\/en\/bewegung\/","title":{"rendered":"Movement"},"content":{"rendered":"","protected":false},"excerpt":{"rendered":"","protected":false},"author":1,"featured_media":389,"parent":0,"menu_order":0,"comment_status":"closed","ping_status":"closed","template":"","meta":{"footnotes":""},"class_list":["post-415","page","type-page","status-publish","has-post-thumbnail","hentry"],"yoast_head":"<!-- This site is optimized with the Yoast SEO plugin v27.4 - https:\/\/yoast.com\/product\/yoast-seo-wordpress\/ -->\n<title>Movement - Th\u00f6les *** in Vilsen | \u00dcbernachten, Fr\u00fchst\u00fccken, los geht\u00b4s!<\/title>\n<meta name=\"description\" content=\"Fahrradfahren mit Rundum-Wohlf\u00fchl-Paket, Fahrradgarage und Ladestation f\u00fcr E-Bikes, M\u00f6glichkeiten zum Joggen, Wandern und modernes Fitnessstudio\" \/>\n<meta name=\"robots\" content=\"index, follow, max-snippet:-1, max-image-preview:large, max-video-preview:-1\" \/>\n<link rel=\"canonical\" href=\"http:\/\/thoeles-vilsen.de\/en\/bewegung\/\" \/>\n<meta property=\"og:locale\" content=\"en_US\" \/>\n<meta property=\"og:type\" content=\"article\" \/>\n<meta property=\"og:title\" content=\"Movement - Th\u00f6les *** in Vilsen | \u00dcbernachten, Fr\u00fchst\u00fccken, los geht\u00b4s!\" \/>\n<meta property=\"og:description\" content=\"Fahrradfahren mit Rundum-Wohlf\u00fchl-Paket, Fahrradgarage und Ladestation f\u00fcr E-Bikes, M\u00f6glichkeiten zum Joggen, Wandern und modernes Fitnessstudio\" \/>\n<meta property=\"og:url\" content=\"http:\/\/thoeles-vilsen.de\/en\/bewegung\/\" \/>\n<meta property=\"og:site_name\" content=\"Th\u00f6les *** in Vilsen\" \/>\n<meta property=\"article:modified_time\" content=\"2022-02-04T12:23:07+00:00\" \/>\n<meta property=\"og:image\" content=\"http:\/\/thoeles-vilsen.de\/wp-content\/uploads\/2022\/01\/thoeles-hotel-in-vilsen-headerbild-bewegung.jpg\" \/>\n\t<meta property=\"og:image:width\" content=\"1920\" \/>\n\t<meta property=\"og:image:height\" content=\"660\" \/>\n\t<meta property=\"og:image:type\" content=\"image\/jpeg\" \/>\n<meta name=\"twitter:card\" content=\"summary_large_image\" \/>\n<script type=\"application\/ld+json\" class=\"yoast-schema-graph\">{\"@context\":\"https:\\\/\\\/schema.org\",\"@graph\":[{\"@type\":\"WebPage\",\"@id\":\"http:\\\/\\\/thoeles-vilsen.de\\\/en\\\/bewegung\\\/\",\"url\":\"http:\\\/\\\/thoeles-vilsen.de\\\/en\\\/bewegung\\\/\",\"name\":\"Movement - Th\u00f6les *** in Vilsen | \u00dcbernachten, Fr\u00fchst\u00fccken, los geht\u00b4s!\",\"isPartOf\":{\"@id\":\"https:\\\/\\\/thoeles-vilsen.de\\\/#website\"},\"primaryImageOfPage\":{\"@id\":\"http:\\\/\\\/thoeles-vilsen.de\\\/en\\\/bewegung\\\/#primaryimage\"},\"image\":{\"@id\":\"http:\\\/\\\/thoeles-vilsen.de\\\/en\\\/bewegung\\\/#primaryimage\"},\"thumbnailUrl\":\"https:\\\/\\\/thoeles-vilsen.de\\\/wp-content\\\/uploads\\\/2022\\\/01\\\/thoeles-hotel-in-vilsen-headerbild-bewegung.jpg\",\"datePublished\":\"2021-05-04T10:09:44+00:00\",\"dateModified\":\"2022-02-04T12:23:07+00:00\",\"description\":\"Fahrradfahren mit Rundum-Wohlf\u00fchl-Paket, Fahrradgarage und Ladestation f\u00fcr E-Bikes, M\u00f6glichkeiten zum Joggen, Wandern und modernes Fitnessstudio\",\"breadcrumb\":{\"@id\":\"http:\\\/\\\/thoeles-vilsen.de\\\/en\\\/bewegung\\\/#breadcrumb\"},\"inLanguage\":\"en-US\",\"potentialAction\":[{\"@type\":\"ReadAction\",\"target\":[\"http:\\\/\\\/thoeles-vilsen.de\\\/en\\\/bewegung\\\/\"]}]},{\"@type\":\"ImageObject\",\"inLanguage\":\"en-US\",\"@id\":\"http:\\\/\\\/thoeles-vilsen.de\\\/en\\\/bewegung\\\/#primaryimage\",\"url\":\"https:\\\/\\\/thoeles-vilsen.de\\\/wp-content\\\/uploads\\\/2022\\\/01\\\/thoeles-hotel-in-vilsen-headerbild-bewegung.jpg\",\"contentUrl\":\"https:\\\/\\\/thoeles-vilsen.de\\\/wp-content\\\/uploads\\\/2022\\\/01\\\/thoeles-hotel-in-vilsen-headerbild-bewegung.jpg\",\"width\":1920,\"height\":660,\"caption\":\"Th\u00f6les*** Hotel in Vilsen Bewegung\"},{\"@type\":\"BreadcrumbList\",\"@id\":\"http:\\\/\\\/thoeles-vilsen.de\\\/en\\\/bewegung\\\/#breadcrumb\",\"itemListElement\":[{\"@type\":\"ListItem\",\"position\":1,\"name\":\"Startseite\",\"item\":\"http:\\\/\\\/thoeles-vilsen.de\\\/en\\\/\"},{\"@type\":\"ListItem\",\"position\":2,\"name\":\"Movement\"}]},{\"@type\":\"WebSite\",\"@id\":\"https:\\\/\\\/thoeles-vilsen.de\\\/#website\",\"url\":\"https:\\\/\\\/thoeles-vilsen.de\\\/\",\"name\":\"Th\u00f6les *** in Vilsen\",\"description\":\" Hotel in einzigartiger Lage im Vilser Ortskern.\",\"potentialAction\":[{\"@type\":\"SearchAction\",\"target\":{\"@type\":\"EntryPoint\",\"urlTemplate\":\"https:\\\/\\\/thoeles-vilsen.de\\\/?s={search_term_string}\"},\"query-input\":{\"@type\":\"PropertyValueSpecification\",\"valueRequired\":true,\"valueName\":\"search_term_string\"}}],\"inLanguage\":\"en-US\"}]}<\/script>\n<!-- \/ Yoast SEO plugin. -->","yoast_head_json":{"title":"Movement - Th\u00f6les *** in Vilsen | \u00dcbernachten, Fr\u00fchst\u00fccken, los geht\u00b4s!","description":"Fahrradfahren mit Rundum-Wohlf\u00fchl-Paket, Fahrradgarage und Ladestation f\u00fcr E-Bikes, M\u00f6glichkeiten zum Joggen, Wandern und modernes Fitnessstudio","robots":{"index":"index","follow":"follow","max-snippet":"max-snippet:-1","max-image-preview":"max-image-preview:large","max-video-preview":"max-video-preview:-1"},"canonical":"http:\/\/thoeles-vilsen.de\/en\/bewegung\/","og_locale":"en_US","og_type":"article","og_title":"Movement - Th\u00f6les *** in Vilsen | \u00dcbernachten, Fr\u00fchst\u00fccken, los geht\u00b4s!","og_description":"Fahrradfahren mit Rundum-Wohlf\u00fchl-Paket, Fahrradgarage und Ladestation f\u00fcr E-Bikes, M\u00f6glichkeiten zum Joggen, Wandern und modernes Fitnessstudio","og_url":"http:\/\/thoeles-vilsen.de\/en\/bewegung\/","og_site_name":"Th\u00f6les *** in Vilsen","article_modified_time":"2022-02-04T12:23:07+00:00","og_image":[{"width":1920,"height":660,"url":"http:\/\/thoeles-vilsen.de\/wp-content\/uploads\/2022\/01\/thoeles-hotel-in-vilsen-headerbild-bewegung.jpg","type":"image\/jpeg"}],"twitter_card":"summary_large_image","schema":{"@context":"https:\/\/schema.org","@graph":[{"@type":"WebPage","@id":"http:\/\/thoeles-vilsen.de\/en\/bewegung\/","url":"http:\/\/thoeles-vilsen.de\/en\/bewegung\/","name":"Movement - Th\u00f6les *** in Vilsen | \u00dcbernachten, Fr\u00fchst\u00fccken, los geht\u00b4s!","isPartOf":{"@id":"https:\/\/thoeles-vilsen.de\/#website"},"primaryImageOfPage":{"@id":"http:\/\/thoeles-vilsen.de\/en\/bewegung\/#primaryimage"},"image":{"@id":"http:\/\/thoeles-vilsen.de\/en\/bewegung\/#primaryimage"},"thumbnailUrl":"https:\/\/thoeles-vilsen.de\/wp-content\/uploads\/2022\/01\/thoeles-hotel-in-vilsen-headerbild-bewegung.jpg","datePublished":"2021-05-04T10:09:44+00:00","dateModified":"2022-02-04T12:23:07+00:00","description":"Fahrradfahren mit Rundum-Wohlf\u00fchl-Paket, Fahrradgarage und Ladestation f\u00fcr E-Bikes, M\u00f6glichkeiten zum Joggen, Wandern und modernes Fitnessstudio","breadcrumb":{"@id":"http:\/\/thoeles-vilsen.de\/en\/bewegung\/#breadcrumb"},"inLanguage":"en-US","potentialAction":[{"@type":"ReadAction","target":["http:\/\/thoeles-vilsen.de\/en\/bewegung\/"]}]},{"@type":"ImageObject","inLanguage":"en-US","@id":"http:\/\/thoeles-vilsen.de\/en\/bewegung\/#primaryimage","url":"https:\/\/thoeles-vilsen.de\/wp-content\/uploads\/2022\/01\/thoeles-hotel-in-vilsen-headerbild-bewegung.jpg","contentUrl":"https:\/\/thoeles-vilsen.de\/wp-content\/uploads\/2022\/01\/thoeles-hotel-in-vilsen-headerbild-bewegung.jpg","width":1920,"height":660,"caption":"Th\u00f6les*** Hotel in Vilsen Bewegung"},{"@type":"BreadcrumbList","@id":"http:\/\/thoeles-vilsen.de\/en\/bewegung\/#breadcrumb","itemListElement":[{"@type":"ListItem","position":1,"name":"Startseite","item":"http:\/\/thoeles-vilsen.de\/en\/"},{"@type":"ListItem","position":2,"name":"Movement"}]},{"@type":"WebSite","@id":"https:\/\/thoeles-vilsen.de\/#website","url":"https:\/\/thoeles-vilsen.de\/","name":"Th\u00f6les *** in Vilsen","description":" Hotel in einzigartiger Lage im Vilser Ortskern.","potentialAction":[{"@type":"SearchAction","target":{"@type":"EntryPoint","urlTemplate":"https:\/\/thoeles-vilsen.de\/?s={search_term_string}"},"query-input":{"@type":"PropertyValueSpecification","valueRequired":true,"valueName":"search_term_string"}}],"inLanguage":"en-US"}]}},"_links":{"self":[{"href":"https:\/\/thoeles-vilsen.de\/en\/wp-json\/wp\/v2\/pages\/415","targetHints":{"allow":["GET"]}}],"collection":[{"href":"https:\/\/thoeles-vilsen.de\/en\/wp-json\/wp\/v2\/pages"}],"about":[{"href":"https:\/\/thoeles-vilsen.de\/en\/wp-json\/wp\/v2\/types\/page"}],"author":[{"embeddable":true,"href":"https:\/\/thoeles-vilsen.de\/en\/wp-json\/wp\/v2\/users\/1"}],"replies":[{"embeddable":true,"href":"https:\/\/thoeles-vilsen.de\/en\/wp-json\/wp\/v2\/comments?post=415"}],"version-history":[{"count":2,"href":"https:\/\/thoeles-vilsen.de\/en\/wp-json\/wp\/v2\/pages\/415\/revisions"}],"predecessor-version":[{"id":436,"href":"https:\/\/thoeles-vilsen.de\/en\/wp-json\/wp\/v2\/pages\/415\/revisions\/436"}],"wp:featuredmedia":[{"embeddable":true,"href":"https:\/\/thoeles-vilsen.de\/en\/wp-json\/wp\/v2\/media\/389"}],"wp:attachment":[{"href":"https:\/\/thoeles-vilsen.de\/en\/wp-json\/wp\/v2\/media?parent=415"}],"curies":[{"name":"wp","href":"https:\/\/api.w.org\/{rel}","templated":true}]}}

<!-- This site is optimized with the Yoast SEO plugin v27.4 - https://yoast.com/product/yoast-seo-wordpress/ -->
<title>Movement - Thöles *** in Vilsen | Übernachten, Frühstücken, los geht´s!</title>
<meta name="description" content="Fahrradfahren mit Rundum-Wohlfühl-Paket, Fahrradgarage und Ladestation für E-Bikes, Möglichkeiten zum Joggen, Wandern und modernes Fitnessstudio" />
<meta name="robots" content="index, follow, max-snippet:-1, max-image-preview:large, max-video-preview:-1" />
<link rel="canonical" href="http://thoeles-vilsen.de/en/bewegung/" />
<meta property="og:locale" content="en_US" />
<meta property="og:type" content="article" />
<meta property="og:title" content="Movement - Thöles *** in Vilsen | Übernachten, Frühstücken, los geht´s!" />
<meta property="og:description" content="Fahrradfahren mit Rundum-Wohlfühl-Paket, Fahrradgarage und Ladestation für E-Bikes, Möglichkeiten zum Joggen, Wandern und modernes Fitnessstudio" />
<meta property="og:url" content="http://thoeles-vilsen.de/en/bewegung/" />
<meta property="og:site_name" content="Thöles *** in Vilsen" />
<meta property="article:modified_time" content="2022-02-04T12:23:07+00:00" />
<meta property="og:image" content="http://thoeles-vilsen.de/wp-content/uploads/2022/01/thoeles-hotel-in-vilsen-headerbild-bewegung.jpg" />
	<meta property="og:image:width" content="1920" />
	<meta property="og:image:height" content="660" />
	<meta property="og:image:type" content="image/jpeg" />
<meta name="twitter:card" content="summary_large_image" />
<script type="application/ld+json" class="yoast-schema-graph">{"@context":"https:\/\/schema.org","@graph":[{"@type":"WebPage","@id":"http:\/\/thoeles-vilsen.de\/en\/bewegung\/","url":"http:\/\/thoeles-vilsen.de\/en\/bewegung\/","name":"Movement - Thöles *** in Vilsen | Übernachten, Frühstücken, los geht´s!","isPartOf":{"@id":"https:\/\/thoeles-vilsen.de\/#website"},"primaryImageOfPage":{"@id":"http:\/\/thoeles-vilsen.de\/en\/bewegung\/#primaryimage"},"image":{"@id":"http:\/\/thoeles-vilsen.de\/en\/bewegung\/#primaryimage"},"thumbnailUrl":"https:\/\/thoeles-vilsen.de\/wp-content\/uploads\/2022\/01\/thoeles-hotel-in-vilsen-headerbild-bewegung.jpg","datePublished":"2021-05-04T10:09:44+00:00","dateModified":"2022-02-04T12:23:07+00:00","description":"Fahrradfahren mit Rundum-Wohlfühl-Paket, Fahrradgarage und Ladestation für E-Bikes, Möglichkeiten zum Joggen, Wandern und modernes Fitnessstudio","breadcrumb":{"@id":"http:\/\/thoeles-vilsen.de\/en\/bewegung\/#breadcrumb"},"inLanguage":"en-US","potentialAction":[{"@type":"ReadAction","target":["http:\/\/thoeles-vilsen.de\/en\/bewegung\/"]}]},{"@type":"ImageObject","inLanguage":"en-US","@id":"http:\/\/thoeles-vilsen.de\/en\/bewegung\/#primaryimage","url":"https:\/\/thoeles-vilsen.de\/wp-content\/uploads\/2022\/01\/thoeles-hotel-in-vilsen-headerbild-bewegung.jpg","contentUrl":"https:\/\/thoeles-vilsen.de\/wp-content\/uploads\/2022\/01\/thoeles-hotel-in-vilsen-headerbild-bewegung.jpg","width":1920,"height":660,"caption":"Thöles*** Hotel in Vilsen Bewegung"},{"@type":"BreadcrumbList","@id":"http:\/\/thoeles-vilsen.de\/en\/bewegung\/#breadcrumb","itemListElement":[{"@type":"ListItem","position":1,"name":"Startseite","item":"http:\/\/thoeles-vilsen.de\/en\/"},{"@type":"ListItem","position":2,"name":"Movement"}]},{"@type":"WebSite","@id":"https:\/\/thoeles-vilsen.de\/#website","url":"https:\/\/thoeles-vilsen.de\/","name":"Thöles *** in Vilsen","description":" Hotel in einzigartiger Lage im Vilser Ortskern.","potentialAction":[{"@type":"SearchAction","target":{"@type":"EntryPoint","urlTemplate":"https:\/\/thoeles-vilsen.de\/?s={search_term_string}"},"query-input":{"@type":"PropertyValueSpecification","valueRequired":true,"valueName":"search_term_string"}}],"inLanguage":"en-US"}]}</script>
<!-- / Yoast SEO plugin. -->

Movement - Thöles *** in Vilsen | Übernachten, Frühstücken, los geht´s!

Fahrradfahren mit Rundum-Wohlfühl-Paket, Fahrradgarage und Ladestation für E-Bikes, Möglichkeiten zum Joggen, Wandern und modernes Fitnessstudio

Thöles *** in Vilsen

Thöles*** Hotel in Vilsen Bewegung
